culate t(d).
-3
Let k(r) be the first derivative of r**3/3 - 4*r**2 + 6*r - 1. Let m be 16/64 + 163/4. Let w = m - 35. What is k(w)?
-6
Let g(a) = -18 - 21 - 7*a**2 + 33 - a**3 - a. Determine g(-7).
1
Let z(a) = -a**2 + 7*a + 10. Let g = -199 - -201. Let q be g + 1 + (-5)/(-1). Give z(q).
2
Let k be -72*(435/(-60) - -7). Let u(z) = -z**3 + 19*z**2 - 20*z + 16. Calculate u(k).
-20
Let h be 78/42 + 1/7 - 0. Let d(w) = w**2 - w**h + w**2 + 6 - 9. Suppose -l = r + 1, -l = 3*r - 4 + 11. Calculate d(r).
6
Let b(a) = a**3 + 9*a**2 - 8*a - 5*a + 13*a + 8. Let l(y) = 6*y + 1 - 12*y + 5*y + y**2 + 8*y. Let j be l(-5). Calculate b(j).
8
Let l = -120 + 134. Suppose l*m + 42 = 21*m. Let h(r) = m*r + r**2 - 7 + 6*r - 14*r + 8*r. Determine h(-7).
0
Let o(k) be the second derivative of 5*k**2/2 + k. Let l(j) be the third derivative of -j**4/24 - 2*j**3/3 - 60*j**2. Let t(x) = -4*l(x) - 3*o(x). What is t(1)?
5
Let r(c) = -c**2 - 139*c - 4180. Let m be r(-44). Let z(y) = -y**2 - 2 + 0*y**2 + y + 0*y**2. Determine z(m).
-2
Let b = -6 + 9. Let r(m) be the first derivative of -38 - 1/4*m**4 - 3*m + m**3 - 3/2*m**2. Determine r(b).
-12
Suppose 0 = 3*o - 9*o + 18. Let w be 41/6 - o/(-18). Let p(j) = w*j - j**2 + 2 - 5 + 7. What is p(8)?
-4
Let c(v) be the second derivative of 17*v**3/6 - v**2/2 + v. Suppose 8 = -13*k + 4993*s - 4998*s, 0 = 3*k + 5*s - 2. Determine c(k).
-18
Let g be (-1)/2 + (-22)/4. Let q(l) be the third derivative of -l**6/120 - 7*l**5/60 - l**4/3 - l**3 - 2*l**2 + 8*l - 1586. What is q(g)?
6
Let j(u) = 2*u - 21. Let v = 228 - 628. Let w be (-4950)/v + (-3)/8. Calculate j(w).
3
Let k(l) = 0 + 3*l**2 - 4*l - 4*l - 5. Let u(v) = v**2 - v - 1. Let w(p) = -k(p) + 5*u(p). Suppose -1943*g + 1940*g - 9 = 0. Determine w(g).
9
Let w(h) = 413*h + 109. Let b(p) = 192*p + 53. Let i(u) = -13*b(u) + 6*w(u). Calculate i(-2).
1
Let n be 0 + (-12)/(-4) - 0. Let a(t) be the first derivative of 1/4*t**4 - 4/3*t**3 + 3/2*t**2 + 13 - 4*t. Give a(n).
-4
Let c(v) = -v**3 - 13*v**2 + 1. Let k = -681 + 652. Let f be (2 + (-9)/6)/(k/754). Give c(f).
1
Let y(q) = -2*q**2 + 25*q + 21. Let v(u) = -u**2 + 47*u + 453. Let g be v(-8). Give y(g).
8
Let m = 11059 - 11044. Let u(f) = -5 - 14 - 3*f - 11*f + f**2. Give u(m).
-4
Let h(x) = -x - 3. Let s(o) = -2*o + 56. Let z(n) = -2*n + 53. Let j(d) = -5*s(d) + 6*z(d). Let v be j(13). Calculate h(v).
-15
Let o(x) = x**3 - 3*x**2 - 17*x + 31. Suppose 2*t + 59*d - 58*d = 7, 4*d + 16 = 3*t. Determine o(t).
-21
Let i(b) be the second derivative of -16*b + 0 + 1/3*b**3 - 11/2*b**2. Calculate i(5).
-1
Let z(m) = -18*m**2 - 16*m + 17. Let t(n) = n**2 + n - 1. Let v(i) = -2*t(i) + z(i). Let a(g) = 11*g**2 + 9*g - 10. Let h(p) = -11*a(p) - 6*v(p). Give h(4).
16
Suppose 5*z = 630*l - 632*l + 43, 5*l = 2*z + 6. Let f(h) = -8*h**2 + 5*h + 3 + 0 + h**3 + h. Give f(z).
-4
Let h(w) = 38*w - 733. Let p(v) = -10*v + 183. Let l(q) = -3*h(q) - 13*p(q). Determine l(11).
-4
Let z(p) = -p + 13. Let w be (-253)/1518 + (591/90 - (-2)/(-5)). Determine z(w).
7
Let p = -153 + 155. Let k(u) = 1335*u**2 - 7 - 1336*u**p + 3 + 2*u. Calculate k(-4).
-28
Let d(r) = 5*r + 5415*r**2 - r**3 + 75 - 5385*r**2 + 3*r**3. Determine d(-15).
0
Let j(y) = -y**2 + 10*y + 16. Let z be j(12). Let n(o) be the first derivative of o**3/3 + 5*o**2 + 12*o - 1502. What is n(z)?
-4
Let o(x) = -3*x - 28. Let y be o(-9). Let h(s) = -s + 10. Let w(t) = -2*t + 19. Let d(a) = -11*h(a) + 6*w(a). Let n be d(y). Let g(i) = i. What is g(n)?
5
Let t(f) = -f**2 - 6*f. Let h be 7*(-4 - (-10 + 5)). Let s(z) = 3*z - 3. Let x be s(18). Suppose 9 = h*b + x. Determine t(b).
0
Let z(o) = 76*o - 861. Let j(p) = 38*p - 372. Let t(d) = -7*j(d) + 3*z(d). Determine t(3).
-93
Let j(l) = l**2 - 6*l - 1. Let t(h) = h**2 - 2*h - 3. Let d be t(5). Let k(r) = -r**3 + 13*r**2 - 14*r + 33. Let x be k(d). Let o be -2 - 21/x*-3. What is j(o)?
-6
Let q = -59 - -67. Let o(x) = -6 + 2*x + 1 + q. Let r(m) = m - 11. Let n be r(8). What is o(n)?
-3
Let n = 476 - 473. Let g(w) = 69*w - 30*w - 40*w - 2 + n + 0. Determine g(2).
-1
Let t = 3 + 5. Let i(r) = -2*r**3 + 2*r**2 + 8*r. Let p(a) = 21*a**3 - 13*a**2 - 96*a + 1. Let w(z) = -11*i(z) - p(z). Determine w(t).
-1
Let w(u) = u**3 - 16*u**2 + 3*u + 17. Let t be (-8)/(-14)*((-3696)/(-12))/11. Determine w(t).
65
Let k be (-279)/(-155) - (-18)/15. Let d(l) = -16*l + 53. Give d(k).
5
Let y(a) = -3*a**2 + 34 - 41 + 3*a**2 - 64 + 17*a - a**2. Give y(16).
-55
Let k(j) = j**2 - 7*j - 2. Let n be (-2 + -3 + 1)*(-14)/8. Suppose -4*f + 5 = -n. Suppose -5*h - f + 48 = 5*i, 5*h - 33 = -i. Give k(h).
-8
Let k = 22121 + -22128. Let j(b) = b**3 + 5*b**2 + 3*b + 10. Calculate j(k).
-109
Let b be 2/(-4) - (-14)/4. Suppose -4*x - 13 = -d, -d - b*x = -2*d + 10. Let o(k) = -22*k - 8. Let t(m) = 2*m + 1. Let p(u) = -o(u) - 8*t(u). What is p(d)?
6
Suppose 4*t - 3*u = 1, u + 5 + 6 = 4*t. Let y be -2 - (-1 - (-44)/(-4)). Let l(h) = -5*h - 2 + 0*h**2 + y*h - 9*h + h**2. Determine l(t).
-2
Suppose -2*p + 5*c = -1, 0 = -2*p - 0*c + 3*c + 3. Let b(z) = 10 - 4 + z**3 + 0*z + 2*z**2 - 9 - 2*z. Calculate b(p).
36
Let o(c) = -8*c**3 - c**2 + 2. Let g be o(-1). Let y(i) = g + 4*i - 3*i + 4 - 5*i. What is y(9)?
-23
Let x(l) be the first derivative of -2*l**3/3 - 25*l**2 - 50*l + 482. Give x(-24).
-2
Let d(v) = -v**2 + 2*v + 3. Let f be d(4). Let p(a) = a + 12. Let x be p(f). Let k(h) = -3 - h**2 + 10*h**3 - 16*h**3 + x*h**3. Give k(0).
-3
Let r(k) = -2*k**2 - 9*k - 2. Let m(n) = 7*n**3 - 30*n**2 + 27*n - 6. Let c be m(3). What is r(c)?
-20
Suppose 2*z - 1 - 1 = 0. Let w(k) = 2 - 4 + k + z. Suppose -19*y = -18*y - 3*l - 4, 5*y + 4 = 3*l. Determine w(y).
-3
Let i(a) = 2*a**2 - 48*a + 87. Let j be -1*((1840/12)/(-10))/(8/12). Calculate i(j).
41
Let u(w) be the third derivative of w**4/12 + 22*w**3/3 - 235*w**2 + 3. What is u(-12)?
20
Let h be (-4 - 5 - -8) + 1*3. Let v(s) = 134*s**2 - 13 + 9 - 133*s**h + s. Calculate v(-4).
8
Let n = 11 - 8. Let g = -8119 + 8123. Let a(w) = -g + n*w + 2 + w. Determine a(2).
6
Let w = 300 + -293. Suppose w*j - 5*j = 14. Let n(s) = s**2 - 7*s - 10. Calculate n(j).
-10
Let q(d) = 26*d**2 + 6*d - 1. Let n be (75/(-15) - 1) + (-2 - -8) + -1. What is q(n)?
19
Suppose 16*s = 87*s - 1573 - 3965. Let y = 10 + 66. Let n = y - s. Let o(d) = -d**2 + d - 1. What is o(n)?
-7
Let x(g) = 2*g + 71. Let q(w) = -6*w - 212. Let d(z) = -6*q(z) - 17*x(z). Give d(-30).
5
Let a(w) = -2*w**3 - 2*w**2 - 2*w + 4. Let x be a(-2). Let i(n) = -9 + 10 - 3*n - x - 7 - 12. Calculate i(-10).
-4
Let p(v) be the first derivative of v**3/3 + 3*v**2/2 - 1504. Calculate p(0).
0
Suppose 3*p = 5*w + 53, -p - 27*w + 25*w + 14 = 0. Let v(a) = -a**2 + 12*a + 23. What is v(p)?
-41
Suppose 9*k + 61 - 88 = 0. Suppose 0 = -k*x + c, 16*c - 19*c - 6 = -3*x. Let g(f) be the third derivative of -f**4/4 - f**2. Give g(x).
6
Let w be -39 - (56/7)/2. Let g = w - -36. Let r(j) = j**3 + 7*j**2 - j - 6. Calculate r(g).
1
Let x(h) = -3*h**2 + h + 2. Let j(a) = -40*a**2 + 3*a + 81*a**2 - 58 + 59 - 36*a**2. Suppose -o = -4*o - 3. Let d be j(o). Determine x(d).
-22
Let g be (-448)/24 - (-8)/(-6). Let t = 14 + g. Let i(n) = 15*n**2 - 14*n + 13. Let d(x) = -7*x**2 + 6*x - 6. Let s(u) = -13*d(u) - 6*i(u). Give s(t).
0
Suppose 6*u + 3*s - 18 = 3*u, 4*u = -5*s + 29. Suppose 0 = 2*n - 5*i + 13, n + 0*i = i + u. Let c(r) = -r**2 + 4*r + 15. Calculate c(n).
3
Let w(r) = -r**2 + 4*r - 15. Let x be ((-20)/(-18))/(1/((-27)/(-6))). Give w(x).
-20
Let c(m) = 0*m + 9*m + 58 - 32*m + 2*m - 4*m. Determine c(3).
-17
Let c(m) = -m**3 + 10*m**2 - m + 14. Suppose -4*n - 5*z - 4 = -10, -5*n + 3 = 4*z. Let v be (0 - 1)/(25/(-225)) - n. Determine c(v).
4
Let k(t) = 493*t + 3*t**2 + 498*t - 1985*t + 2 + 498*t + 493*t. Suppose 0 = -0*s - 2*s + 4. What is k(s)?
8
Let d(p) be the second derivative of p**5/20 + p**4/3 - p**3/2 - 3*p**2/2 - p. Let i = -10994 - -10989. Give d(i).
-13
Let b(z) = -z**3 + 6*z**2 + 2*z - 9. Let r be b(6). Let x(o) = -119*o - 1. Let d(t) = 4*t**2 - 3330*t - 25. Let w(j) = -d(j) + 28*x(j). Calculate w(r).
-45
Let b = 12 + -10. Let t be (3*b + -1)/(-3 - -4). Let f be (-13 + 12)*(-2 + t + 0). Let l(u) = u**2 + 3*u + 4. Give l(f).
4
Let d = 449076 + -449071. Let b(p) be the first derivative of p**3/3 - p**2/2 + 5*p + 1. What is b(d)?
25
Suppo